e -32 + 230 = 6*d. Calculate the greatest common factor of i and d.
11
Let d(h) = -h**3 - 3*h**2 - 3*h + 5. Let t be d(1). Let y be (15/9 + t)*-6. What is the greatest common factor of 12 and y?
2
Let l = 3602 + -3378. Let b = 12 - 4. What is the greatest common divisor of l and b?
8
Let y = -13 + 22. Suppose 0 = -33*z + 99 + 198. Calculate the greatest common divisor of z and y.
9
Let u be -1 + (8 - ((-14)/10)/((-5)/(-25))). Let b = -68 - -96. Calculate the highest common factor of u and b.
14
Let h(k) = 29*k + 59. Let f be h(2). What is the highest common factor of f and 169?
13
Suppose -3*l + 260 = 2*l. Let w(p) be the first derivative of -p**3/3 + 7*p**2 + 13*p - 64. Let m be w(14). Calculate the highest common divisor of m and l.
13
Let j = 90 + -90. Suppose -3*n - l = 2*n - 1741, -4*n - l + 1392 = j. Suppose n = 3*b + 25. What is the greatest common factor of b and 270?
54
Let v be 2/(6/9) + 42 + -3. Suppose -9*p + 3 = -v. Suppose -a + 425 = 5*z - 0*a, -3*z + 255 = p*a. What is the greatest common factor of z and 17?
17
Let q = -323 - -635. Suppose -w = w + 210. Let u = q + w. Calculate the highest common factor of 23 and u.
23
Suppose 4*t - 243 = 7*t. Let j be -1 - (t - -2*1). Let d be (6465/(-165))/(-1) - (70/22 - 3). What is the highest common factor of j and d?
39
Let t(n) = n**2 - 5*n - 72. Let o be t(12). Calculate the greatest common divisor of o and 716.
4
Let b(t) = -t**2 - 53*t - 127. Let m be b(-37). Let k be m/45 + 2/(-6). Calculate the greatest common factor of 95 and k.
5
Let w be 41 + (15 + -51 - -30). Suppose -c + 522 = -353. Calculate the greatest common divisor of c and w.
35
Suppose g = -5*a + 16, -5*g + 0*g + 5*a + 290 = 0. What is the highest common divisor of g and 16252?
17
Let h(i) = 3*i**3 + 48 + 0*i**3 - 2*i**3. Let f be h(0). Suppose -3*n + 183 = -3*w + 48, 0 = -6*n - 5*w + 171. Calculate the highest common divisor of n and f.
12
Let t = 195 - 45. Suppose 2*w = t + 10. What is the highest common divisor of 16 and w?
16
Let b be 40/10*(-66)/(-24) - -9. Let u = -5 + -9. Let w = 34 + u. Calculate the greatest common factor of b and w.
20
Suppose 46*n + 3830 = 56*n. Suppose n*t + 1 = 384*t. Let r = 23 - 14. What is the highest common divisor of t and r?
1
Suppose -16*u + 25143 = 7543. Calculate the highest common divisor of u and 4.
4
Let u = -16 + 12. Let v = 7 + u. Let q = 1302 - 1272. What is the highest common factor of q and v?
3
Let u(b) = -b**3 + 2*b**2 + 9*b + 12. Let y be u(-3). What is the highest common factor of y and 3130?
10
Let t(b) = -27*b - 314. Let u be t(-15). Let z be u/104*-4*(-340)/7. What is the greatest common divisor of 20 and z?
10
Let v(j) = -4*j + 1. Let z be v(-4). Let t(m) = -4190*m + 129958. Let l be t(31). Calculate the greatest common factor of z and l.
17
Suppose 7073 = 112*b - 86*b - 1377. What is the greatest common factor of b and 6240?
65
Let v be (71574/1208)/((-6)/(-128)). What is the greatest common divisor of 237 and v?
79
Let t(p) = p**3 - 7*p**2 + 4*p - 19. Suppose -3*w + 132 = -42. Let b = w + -50. Let d be t(b). What is the highest common divisor of 11 and d?
11
Let z(v) = 5*v**2 + 13*v - 46. Let j be z(3). What is the highest common divisor of 62 and j?
2
Let v(i) = 8*i**2 + 10*i - 98. Let x be v(8). What is the greatest common divisor of 19 and x?
19
Let y(d) = 6*d**2 - 17. Let u be y(5). Let v = -61 + u. Let r = -28 - -46. What is the highest common factor of v and r?
18
Let r(p) = -133*p. Let g be r(-1). Let k(w) = w + 26. Let i be (-21 + 20)/(2/14). Let t be k(i). What is the highest common divisor of t and g?
19
Let g be 4*(-3 - (-21)/6). Suppose -a = -4*h - 88, -3*a - g*h + 212 = -h. Let r(b) = 6*b + 75. Let q be r(-11). Calculate the highest common divisor of q and a.
9
Let n = -8 + 4. Let z be 2/(-4)*n + 0. Suppose -210*d = 204*d - 567 - 1089. Calculate the greatest common factor of z and d.
2
Suppose 5 = 1201*h - 1200*h. Let s be (5 + 0)*(-18)/15. Let a be (1/(-3))/(s/450). What is the greatest common divisor of a and h?
5
Suppose -g - 16 - 24 = 0. Let t(l) = -8*l**3 - l**2 + 21*l + 39. Let p be t(-2). Let i = p + g. Calculate the greatest common factor of i and 17.
17
Let f = -154 - -154. Suppose -b - 3 = f, -2*w + 1800 = 3*w - 5*b. Calculate the greatest common factor of w and 42.
21
Let y be -8 - -1 - (-4209)/183. Suppose l + 1158 = 4*l. Let i = -258 + l. Calculate the highest common divisor of i and y.
16
Let x = 8 - 6. Let v(y) = 2*y**3 - 2*y**2 + 3*y - 5. Let a be v(x). Suppose 8 = -5*g + a*g. What is the greatest common divisor of g and 8?
2
Let d be (-3)/7 - (-5700)/70. Let y = d - 37. Let p be (-27)/(-81) + 130/6. Calculate the highest common divisor of p and y.
22
Suppose h - 5*f = 41, 4*h + 39*f = 45*f + 136. Calculate the highest common factor of h and 2077.
31
Let j = 64 + 1152. Calculate the greatest common divisor of j and 320.
64
Let i = -1337 + 1689. What is the greatest common divisor of 1144 and i?
88
Let b = 7290 - -597. Calculate the highest common divisor of 33 and b.
33
Suppose 244 = 3*x + 2*s + 34, 0 = -s + 3. Calculate the greatest common divisor of x and 2788.
68
Suppose 31*o - 28*o + 425 = 5*q, -20 = -4*o. Calculate the greatest common factor of 232 and q.
8
Suppose 6*r + 445 = 1. Let o = 76 + r. Let a be (o/6)/(4/324). Calculate the greatest common factor of a and 45.
9
Suppose 5*m = 3*w + 2423, 0 = 4*w + 3*m + 2893 + 357. Let j = w + 855. What is the highest common divisor of 44 and j?
44
Suppose -26391 = -5*l - 711. Calculate the highest common factor of 144 and l.
48
Suppose 8*h - 3*w - 184 - 102 = 0, 0 = -4*w - 8. Calculate the highest common factor of h and 13615.
35
Let a = 418 - 50. Let i = -59695 - -59718. What is the highest common divisor of i and a?
23
Suppose 5*h - 6*h + 68 = 0. Suppose -79*w = -72*w + 224. Let v be w/48 - (2 + (-161)/3). Calculate the highest common factor of v and h.
17
Suppose -3*n + 10329 = 30*n. Let m = 574 - n. What is the highest common factor of 9 and m?
9
Let j(t) = -24*t + 39. Let i be j(-6). Let z = i + -101. Suppose 0 = -4*o + 74 + z. Calculate the highest common divisor of o and 3.
3
Let h be (1/((-6)/(-76)))/(-40 - (-9632)/240). What is the highest common factor of h and 6365?
95
Suppose -10*i = -6*i - 16. Let j be (4 - 1)*i/6. Suppose -3*o + 5*m = -121, -94 = -3*o - j*m - 8. Calculate the greatest common divisor of o and 32.
32
Let n(g) = 2*g**3 - 53*g**2 + 209*g - 34. Let m be n(22). Calculate the highest common factor of 12688 and m.
208
Let h = 393 - 393. Suppose 0 = -5*k - 2*p + 1, -2*k + 4*k + p = h. Calculate the highest common divisor of 19 and k.
1
Let b be -1 + -1 - (25 + -31). Suppose 4 + 2 = 3*l - d, 0 = -4*l - b*d + 8. What is the greatest common divisor of l and 26?
2
Let v(w) = -w**2 + 9*w - 84. Let f be v(16). Let a = f + 224. Calculate the greatest common divisor of a and 126.
14
Let n(l) = -2*l**3 - 17*l**2 - 59*l - 59. Let w be n(-19). Calculate the greatest common divisor of w and 201.
201
Let c = -17 - -34. Suppose -100 = -19*h + c*h. Let z be h/4 + 1*4/8. Calculate the greatest common factor of 143 and z.
13
Let a(m) = 4*m + 380. Let k be a(13). Calculate the highest common divisor of 80 and k.
16
Let h be -4*(372/(-216) - 2/(-9)). Let v be 152/(-57) + 52/h. Calculate the greatest common factor of 510 and v.
6
Let p(a) = 4*a - 1. Let u be p(7). Let o be (-4)/30 + (-1314)/270 + 65 + 48. What is the highest common divisor of u and o?
27
Let u be ((-52)/(-10))/(568/71 + (-119)/15). What is the highest common divisor of 114 and u?
6
Let c(j) = 7*j + 9. Let m be c(-6). Let b = 36 + m. Suppose 25 = 5*d + 2*f, 3*d - b = -f + 11. What is the highest common divisor of d and 6?
3
Let b(y) be the second derivative of y**5/20 - y**4/4 + y**3/6 - 13*y. Let t be b(3). Calculate the greatest common divisor of 6 and t.
3
Suppose -2*p - 520 = 4*z - 6*z, 0 = -4*p. Suppose m - 49 = -y, 36*y - m = 40*y - 205. Calculate the highest common divisor of y and z.
52
Let k(t) = t**2 + 3*t + 5. Let m be k(5). Let z = 21 - 10. Let x(h) = h - 6. Let o be x(z). Calculate the highest common divisor of o and m.
5
Let z be ((2/10)/(18/(-24075)))/(3/(-36)). What is the highest common divisor of 6 and z?
6
Let l be 4 + 18 + 36/6. Suppose -5*d + 3*u = -86, -d - l + 34 = 5*u. What is the greatest comm